{"id":70,"date":"2020-07-08T12:32:05","date_gmt":"2020-07-08T12:32:05","guid":{"rendered":"https:\/\/rifas.se\/?page_id=70"},"modified":"2023-11-20T09:02:21","modified_gmt":"2023-11-20T09:02:21","slug":"kappmontering-skotsel","status":"publish","type":"page","link":"https:\/\/rifas.se\/?page_id=70","title":{"rendered":"K\u00e4ppmontering &#038; sk\u00f6tsel"},"content":{"rendered":"\n<p><\/p>\n\n\n\n<h4 class=\"has-medium-black-color has-text-color wp-block-heading\">K\u00e4ppmonteringsanvisning<\/h4>\n\n\n\n<p>H\u00e4r finns instruktioner f\u00f6r att enkelt fixa en k\u00e4pp till din nya k\u00e4pph\u00e4st.<\/p>\n\n\n\n<p>F\u00f6rst och fr\u00e4mst beh\u00f6vs en k\u00e4pp i lagom l\u00e4ngd. Ett avs\u00e5gat kvastskaft fungerar bra och l\u00e4ngden optimeras efter ryttarens l\u00e4ngd samt vad man vill g\u00f6ra med h\u00e4sten. Den f\u00e4sts sedan enklast genom tejpning, till exempel med eltejp.<\/p>\n\n\n\n<p>Det underl\u00e4ttar om man f\u00f6rst stoppar in handen och gr\u00e4ver en &#8221;g\u00e5ng&#8221; genom stoppningen innan man s\u00e4tter in k\u00e4ppen i k\u00e4pph\u00e4sten. Det \u00e4r viktigt att k\u00e4ppen hamnar s\u00e5 rakt och centrerat som m\u00f6jligt i h\u00e4sten. K\u00e4ppen ska sitta s\u00e5 l\u00e5ngt in i halsen som m\u00f6jligt f\u00f6r att stabilisera h\u00e4sten. \u00c4nden ska hamna ungef\u00e4r mellan \u00f6ronen, var dock vaksam s\u00e5 att den inte g\u00e5r f\u00f6r h\u00f6gt upp och ger h\u00e4sten en puckel i nacken. Fixa stoppningen efter behov, s\u00e5 att h\u00e4stens b\u00e5da sidor f\u00f6rblir j\u00e4mna och sl\u00e4ta.<\/p>\n\n\n\n<p>Kontrollera k\u00e4ppens vinkel och tejpa sedan fast den. H\u00e4r kan det vara klokt att be n\u00e5gon om hj\u00e4lp med att h\u00e5lla fast huvudet. Anv\u00e4nd tyget som h\u00e4nger ner runt h\u00e5let i h\u00e4sten. B\u00f6rja med att vira n\u00e5got varv tejp p\u00e5 k\u00e4ppen och forts\u00e4tt sedan upp \u00f6ver \u201dtygtratten\u201d och tillbaka ner. Viktigt att tejpen h\u00e5lls sp\u00e4nd och blir h\u00e5rt \u00e5tdragen utan att det bildas kn\u00f6lar veck under. \u00a0<\/p>\n\n\n\n<p>Kontrollera slutligen att allt ser bra ut och att huvudet sitter stadigt, sedan \u00e4r k\u00e4pph\u00e4sten redo f\u00f6r nya \u00e4ventyr!<\/p>\n\n\n\n<figure class=\"wp-block-image size-medium\"><img loading=\"lazy\" decoding=\"async\" width=\"300\" height=\"200\" src=\"https:\/\/rifas.se\/wp-content\/uploads\/2020\/07\/BOA6637-300x200.jpg\" alt=\"\" class=\"wp-image-162\" srcset=\"https:\/\/rifas.se\/wp-content\/uploads\/2020\/07\/BOA6637-300x200.jpg 300w, https:\/\/rifas.se\/wp-content\/uploads\/2020\/07\/BOA6637-600x400.jpg 600w, https:\/\/rifas.se\/wp-content\/uploads\/2020\/07\/BOA6637-1024x682.jpg 1024w, https:\/\/rifas.se\/wp-content\/uploads\/2020\/07\/BOA6637-768x512.jpg 768w, https:\/\/rifas.se\/wp-content\/uploads\/2020\/07\/BOA6637-1536x1024.jpg 1536w, https:\/\/rifas.se\/wp-content\/uploads\/2020\/07\/BOA6637.jpg 2000w\" sizes=\"auto, (max-width: 300px) 100vw, 300px\" \/><\/figure>\n\n\n\n<figure class=\"wp-block-image size-medium\"><img loading=\"lazy\" decoding=\"async\" width=\"300\" height=\"200\" src=\"https:\/\/rifas.se\/wp-content\/uploads\/2020\/07\/BOA6038-300x200.jpg\" alt=\"\" class=\"wp-image-58\" srcset=\"https:\/\/rifas.se\/wp-content\/uploads\/2020\/07\/BOA6038-300x200.jpg 300w, https:\/\/rifas.se\/wp-content\/uploads\/2020\/07\/BOA6038-600x400.jpg 600w, https:\/\/rifas.se\/wp-content\/uploads\/2020\/07\/BOA6038-1024x682.jpg 1024w, https:\/\/rifas.se\/wp-content\/uploads\/2020\/07\/BOA6038-768x512.jpg 768w, https:\/\/rifas.se\/wp-content\/uploads\/2020\/07\/BOA6038-1536x1024.jpg 1536w, https:\/\/rifas.se\/wp-content\/uploads\/2020\/07\/BOA6038-2048x1365.jpg 2048w\" sizes=\"auto, (max-width: 300px) 100vw, 300px\" \/><\/figure>\n\n\n\n<h4 class=\"wp-block-heading\">Sk\u00f6tselr\u00e5d<\/h4>\n\n\n\n<p>F\u00f6r en nybliven k\u00e4pph\u00e4st\u00e4gare finns det mycket att t\u00e4nka p\u00e5. Rifash\u00e4starna \u00e4r gjorda f\u00f6r att anv\u00e4ndas, men precis som med riktiga h\u00e4star \u00e4r det viktigt att de f\u00e5r r\u00e4tt v\u00e5rd och sk\u00f6tsel f\u00f6r att f\u00f6rbli i s\u00e5 gott skick som m\u00f6jligt.<br><br>F\u00f6rst och fr\u00e4mst b\u00f6r k\u00e4pph\u00e4sten f\u00f6rvaras inomhus och inte l\u00e4mnas ute under l\u00e5ng tid i solljus eller nederb\u00f6rd, p\u00e5 sikt sliter detta on\u00f6digt p\u00e5 tyget. Lite fukt \u00e4r ingen fara, men om man ska ut och rida och misst\u00e4nker att det kommer b\u00f6rja regna kan det vara klokt att skydda h\u00e4sten med ett t\u00e4cke eller en plastp\u00e5se.<\/p>\n\n\n\n<p>N\u00e4r man rider \u00e4r det viktigt att ha en mjuk hand, precis som p\u00e5 riktiga h\u00e4star, och att alltid h\u00e5lla en hand p\u00e5 k\u00e4ppen. Om man drar i tyglarna kan det f\u00e5 stoppningen i nacken och munnen att flytta p\u00e5 sig. Det kan leda till att h\u00e4sten gradvis f\u00e5r en mer \u00f6ppen mun och att huvudet blir h\u00e4ngande. N\u00e4r man tar p\u00e5 utrustning \u00e4r det viktigt att inget trycker eller kl\u00e4mmer p\u00e5 h\u00e4sten. Vid tr\u00e4nsning \u00e4r det enklast att sp\u00e4nna upp sidostyckena och s\u00e4tta p\u00e5 bettdelen respektive nackstycket var f\u00f6r sig. Detta spar p\u00e5 stadgan i h\u00e4stens \u00f6ron och f\u00f6rebygger ocks\u00e5 att l\u00e4dret t\u00f6jer ut sig. <br><br>Att sl\u00e5, kasta med och kl\u00e4mma p\u00e5 k\u00e4pph\u00e4sten \u00e4r ytterligare saker som f\u00e5r stoppningen att r\u00f6ra p\u00e5 sig. Man kan vid behov stoppa om k\u00e4pph\u00e4sten, men man b\u00f6r undvika att g\u00f6ra det allt f\u00f6r ofta. Det f\u00f6r\u00e4ndrar k\u00e4pph\u00e4stens form och t\u00e4r p\u00e5 stygnen. Det b\u00e4sta s\u00e4ttet att h\u00e5lla i k\u00e4pph\u00e4sten \u00e4r alltid vid k\u00e4ppen. <br><br>Skulle k\u00e4pph\u00e4sten bli smutsig reng\u00f6rs den b\u00e4st med en fuktig trasa, handduk eller mjuk borste. L\u00e5t eventuellt smuts torka och borsta sedan av hellre \u00e4n att f\u00f6rs\u00f6ka ta bort det medan det \u00e4r v\u00e5tt. Kl\u00e4dv\u00e5rdsrullar \u00e4r ocks\u00e5 utm\u00e4rkta f\u00f6r att fr\u00e4scha upp h\u00e4starna fr\u00e5n sm\u00e5skr\u00e4p och h\u00e5rstr\u00e5n. <\/p>\n","protected":false},"excerpt":{"rendered":"<p>K\u00e4ppmonteringsanvisning H\u00e4r finns instruktioner f\u00f6r att enkelt fixa en k\u00e4pp till din nya k\u00e4pph\u00e4st. F\u00f6rst och fr\u00e4mst beh\u00f6vs en k\u00e4pp i lagom l\u00e4ngd. Ett avs\u00e5gat kvastskaft fungerar bra och l\u00e4ngden optimeras efter ryttarens l\u00e4ngd samt vad man vill g\u00f6ra med h\u00e4sten. Den f\u00e4sts sedan enklast genom tejpning, till exempel med eltejp. Det underl\u00e4ttar om man [&hellip;]<\/p>\n","protected":false},"author":1,"featured_media":0,"parent":0,"menu_order":0,"comment_status":"closed","ping_status":"closed","template":"template-gutenberg.php","meta":{"footnotes":""},"class_list":["post-70","page","type-page","status-publish","hentry"],"jetpack_sharing_enabled":true,"_links":{"self":[{"href":"https:\/\/rifas.se\/index.php?rest_route=\/wp\/v2\/pages\/70","targetHints":{"allow":["GET"]}}],"collection":[{"href":"https:\/\/rifas.se\/index.php?rest_route=\/wp\/v2\/pages"}],"about":[{"href":"https:\/\/rifas.se\/index.php?rest_route=\/wp\/v2\/types\/page"}],"author":[{"embeddable":true,"href":"https:\/\/rifas.se\/index.php?rest_route=\/wp\/v2\/users\/1"}],"replies":[{"embeddable":true,"href":"https:\/\/rifas.se\/index.php?rest_route=%2Fwp%2Fv2%2Fcomments&post=70"}],"version-history":[{"count":11,"href":"https:\/\/rifas.se\/index.php?rest_route=\/wp\/v2\/pages\/70\/revisions"}],"predecessor-version":[{"id":1965,"href":"https:\/\/rifas.se\/index.php?rest_route=\/wp\/v2\/pages\/70\/revisions\/1965"}],"wp:attachment":[{"href":"https:\/\/rifas.se\/index.php?rest_route=%2Fwp%2Fv2%2Fmedia&parent=70"}],"curies":[{"name":"wp","href":"https:\/\/api.w.org\/{rel}","templated":true}]}}